(-2)*(-256)/y?
4
Let a = -6 + 1. What is the units digit of (((-984)/a)/(-6))/((-4)/50)?
0
Let j(t) = 490*t**2 - 448*t + 1803. What is the tens digit of j(4)?
5
Let r = -22942 - -50896. What is the units digit of r?
4
Suppose 2*c = -3*n - 33, 55 = -5*n + 9*c - 5*c. What is the hundreds digit of (-21496)/n + (-110)/605?
9
Let p(c) = -6 - 14 - 32*c - 3. Let y be p(-8). Suppose -3*h - 124 = -4*o + y, 4*o = -2*h + 342. What is the units digit of o?
7
What is the ten thousands digit of 22588 - 514 - 2*5?
2
Let a(c) = 9*c + 3. Let h be a(-5). Let y be 1/(-2)*(-13)/((-39)/h). What is the tens digit of (125/2)/(y/14)?
2
Let n(o) = 4*o + 5. Let p(c) = 3*c + 4. Let s(k) = 2*n(k) - 3*p(k). Let j be s(-4). What is the units digit of (-4)/(-7) + 1312/56 + j?
6
Suppose 26*g - 25*g = 1504. Suppose 3*a - 2*v - g = 0, -3*v = 4*a - 8*v - 1996. What is the tens digit of a?
0
Let x = 228 + -185. Let p be (2/(-6))/((-2)/66). Suppose 9*l = x + p. What is the units digit of l?
6
Let j(t) = -t**3 + 16*t**2 - 15*t + 8. Let d = 11 - -4. Let k be j(d). Suppose -5*w = 3*l - 646, -l + k = 3*l. What is the tens digit of w?
2
Let c(z) be the first derivative of z**4/12 + z**3 - 10*z**2 + 6*z + 17. Let n(d) be the first derivative of c(d). What is the units digit of n(-14)?
2
What is the hundreds digit of 1*(78/130 - (-850688)/20)?
5
Let x(g) be the first derivative of 59*g**3/3 - 13*g**2/2 - 4*g + 69. What is the tens digit of x(-3)?
6
Suppose -5*i - 7*n = -6*n - 13613, 0 = -2*i + 2*n + 5450. What is the hundreds digit of i?
7
What is the units digit of (-6 + 260/50)/((-8)/41620)?
2
Suppose 4*a - 152 = 4*p, 3*p + a = -2*p - 196. Let m = p + 44. Suppose x + 222 = m*n - 167, 5*n - 388 = 2*x. What is the tens digit of n?
7
Suppose 18*v + 149 = 1517. Suppose v*n - 84*n = -5096. What is the hundreds digit of n?
6
Suppose -2*k = 23 - 21. Let c be 7 + -8 - (812/(-2) - k). Suppose 0 = -2*x + 4*b + c, -3*x = -0*x - 4*b - 610. What is the tens digit of x?
0
Suppose 11*c - 2999 = 5779. Suppose 0 = -4*w, 4*f - 3*w - 1650 = c. What is the units digit of f?
2
Let z(n) be the third derivative of -n**5/60 - n**4/6 + 2*n**3 + 12*n**2. Let w be z(-6). Let r(v) = -v**2 - 4*v + 56. What is the units digit of r(w)?
6
Suppose 2*a - 5965 = -3*w, 5*w - 62*a + 57*a = 9975. What is the thousands digit of w?
1
Let m = 29 - 29. Suppose -5*j - 5*d + 25 = -m*j, d = -4*j + 5. Suppose t - 32 + 15 = j. What is the units digit of t?
7
Let a = 692 + 1137. What is the units digit of a?
9
Suppose 5*g + 4*v = 2440, 5*g + 8*v - 2480 = 12*v. Let l = g - 325. What is the tens digit of l?
6
Let p be ((-30)/(-21))/(4/56). Suppose 5*b = -0*b + p. Suppose 3*x - 3*i - 498 = 0, b*x - 2*i = 6*x - 352. What is the units digit of x?
1
Suppose 2*p - 17 = 7. Suppose -4*x + 420 = -3*v, -v = -4*v - p. Suppose -35*q + x = -34*q. What is the units digit of q?
2
Let d = -40025 + 86964. What is the thousands digit of d?
6
Suppose 975 = -a + 5*d - 1647, 2*d + 10532 = -4*a. Let u = -1564 - a. What is the units digit of u?
8
Suppose -44*l + 28226 = -19822. What is the thousands digit of l?
1
Suppose 7*x - 143 = -31. Suppose 3115 + 3173 = x*s. What is the hundreds digit of s?
3
Suppose -63*t = 43*t - 136*t + 1593420. What is the ten thousands digit of t?
5
Suppose 6*p + 5*p = 4*p. Suppose p = -7*m - 3*m + 830. What is the tens digit of m?
8
Let g(t) = 16*t. Suppose 0 = -3*j - 1 + 7. Suppose -5*z = -j - 8. What is the units digit of g(z)?
2
Suppose 8*m = -3 + 27. Suppose 0 = 3*w + m*w - 288. Let h = w - 25. What is the units digit of h?
3
Let l be 5/(75/85) + 2/6. Let b be (-10 + 3)/(l/(-12)). Let k = 89 - b. What is the units digit of k?
5
What is the units digit of 2/((-2)/2) + 32/1?
0
Let t = 224 + -247. Let k(o) = -11*o - 5. What is the units digit of k(t)?
8
Let o(x) = -8*x**3 - 13*x**2 - 34*x + 34. What is the tens digit of o(-13)?
5
Let n(b) = b**2 + 25*b - 21. Let f be n(-26). Suppose 0*w + 2*s + 496 = 2*w, w + f*s = 224. What is the hundreds digit of w?
2
Let d be ((-4)/(-10))/((-15)/(-375)). Let v be ((-8)/d)/(6/(-90)). Suppose 697 + 395 = v*x. What is the tens digit of x?
9
Suppose 5*b = 2 - 22, b = 4*w - 120. Suppose 2*r + 2*v - 148 = 0, 0 = 3*r + 2*r - 5*v - 320. Let j = w + r. What is the units digit of j?
8
Let t = -1073 - -176. Let k be 3/(-24)*5071 - (-19)/(-152). Let z = k - t. What is the hundreds digit of z?
2
Let i(v) = 23*v - 46. Suppose 3*n = 10*n. Suppose n = 15*p - 162 + 57. What is the units digit of i(p)?
5
Let v(s) = 2*s**3 + 59*s**2 + 7*s - 2. What is the units digit of v(-13)?
4
Let r be (0/(-2) + 2)/((-16)/25032). What is the hundreds digit of 2/(-4)*r + 3/6?
5
Suppose -w - 130 = -823. Suppose -110*x = -113*x + w. What is the units digit of x?
1
Let a(t) be the second derivative of t**4/2 + t**3/3 + t**2 - 5*t. Let z be a(-1). What is the tens digit of (-8*1/(-5))/(z/255)?
6
Let v(z) be the third derivative of z**4/24 + 127*z**3/6 + z**2. Let s(c) = c**3 - 17*c**2 - 17*c - 18. Let f be s(18). What is the hundreds digit of v(f)?
1
Let j(w) = 718*w - 31. Let y(b) = 1078*b - 46. Let c(q) = -8*j(q) + 5*y(q). What is the hundreds digit of c(-3)?
0
What is the thousands digit of -6*(2/(-6) - 0/(-6)) + 70778?
0
Let a = 37168 + -19453. What is the thousands digit of a?
7
Suppose 6*r = 16*r. Suppose r = -2*w + 4*u + 374, 4*w + 4*u - 242 = 458. What is the hundreds digit of w?
1
Let t = -3382 - -19230. What is the hundreds digit of t?
8
Let t = 17170 - -6964. What is the tens digit of t?
3
Let v = 44 + -37. Suppose 4*i - 1 = 3*i, -v = a + 5*i. What is the units digit of (664/a)/(8/(-12))?
3
Let t(p) = -25*p + 31. Let u be t(0). Suppose 100 + u = h. What is the tens digit of h?
3
Let k(f) = f. Let z be k(-7). Let n = z + 26. What is the units digit of (n/3)/(3/18)?
8
Let i(p) = p**3 + p**2 + 42*p + 8842. What is the units digit of i(0)?
2
Suppose 0 = 2*b + 224 - 88. Let v be (-6 + 1)/(-5) + 6. Let u = v - b. What is the tens digit of u?
7
Let g(b) = 13*b - 3*b**2 + 47 + 7*b**2 - 3*b. What is the tens digit of g(15)?
9
Suppose 0 = -25*n + 42129 + 7446. Suppose n = 5*q - 2*z, -782 = -2*q - 0*q - 2*z. What is the hundreds digit of q?
3
Let b = -85 - -98. Let r be 41/((b/4 + -3)*1). Let s = -65 + r. What is the tens digit of s?
9
Let z be (-39)/(-1 + (-4)/8). Let m be 7/(-1) + 1 - (z + -23). Let w(l) = l**2 - 3*l - 10. What is the tens digit of w(m)?
9
Let n be 0 + 1 + (-5*422)/(-5). Let r = n + -158. What is the tens digit of r?
6
Let t = 28938 - -994. What is the thousands digit of t?
9
Let v(z) = 6*z + 131. Let r be v(-21). Suppose 0 = 4*d - 3*t - 2852, r*d + 5*t - 3*t - 3565 = 0. What is the units digit of d?
3
Let b(j) = -774*j + 1219. What is the thousands digit of b(-6)?
5
Let f be ((-10377)/72 - 2/(-16)) + 3. Let s = 369 + f. What is the hundreds digit of s?
2
Suppose 214*q + 14850 = 216*q + 3*g, 0 = 3*q + 5*g - 22274. What is the hundreds digit of q?
4
Suppose -48*r - 14580 = -2*u - 52*r, 2*r = 3*u - 21886. What is the tens digit of u?
9
Let z = -405 + 204. Let i = 344 - z. What is the hundreds digit of i?
5
Let q = 1673 - -697. Suppose 21*v - q - 6177 = 0. What is the hundreds digit of v?
4
Suppose 49 = -11*h - 6. Let r = h + 87. Suppose -5*a - r = -177. What is the tens digit of a?
1
Let p = 1497 + 944. What is the tens digit of p?
4
Let r = 57 - 53. Suppose 24 = 2*p - r*s, -2*s = p + s + 13. Suppose 0 = -n - 3*n + 3*j + 187, 4*n - p*j - 182 = 0. What is the units digit of n?
3
Let c(y) = 3*y**2 - 4*y - 7. Suppose -11 = 3*j - 3*k + 5*k, -9 = 4*j - 3*k. Let z(b) = -b**2 + 2*b + 8. Let x be z(j). What is the units digit of c(x)?
8
Let f be (8/(-40))/(1/(-15)). Suppose -5*j = 5*q, j + 12 = 2*q + f*q. What is the units digit of 0/q + (-216)/(-4)?
4
Let u be 2*(-6)/(-4) + -2. Let i be ((-4 + 4)*u)/(-1). Suppose b = -5*x + 99, i = -6*b + 3*b - 3. What is the tens digit of x?
2
Let a(j) = j**3 - 20*j**2 + 4*j + 4. Let w be a(20). Let z = w + -84. Suppose 4*u - 3*l + 21 - 614 = z, -4*u - 5*l = -601. What is the units digit of u?
9
Let m be 33/(-2) - (-42)/28. Let b = m - -12. Let c(a) = a**3 + 5*a**2 + 5*a + 3. What is the units digit of c(b)?
6
Let y = 31000 - 21935. What is the tens digit of y?
6
Let g be 4/7 - (-156)/21. Let a(o) = 4*o - 3*o + 4 + g*o**2 - 10 - o**3. What is the units digit of a(7)?
0
Suppose